f u**4/24 + 16*u**3/3 - 4*u**2. Does 13 divide q(0)?
False
Let m = -6 - -13. Suppose 5*g - 37 = -m. Does 4 divide 2/3 - (-44)/g?
True
Let y = 9 - -81. Is 15 a factor of y?
True
Suppose 123 = 5*g - 97. Is g a multiple of 13?
False
Let l be 2/8 - 49/4. Let h be -7*(-15)/(-6) + (-3)/6. Let y = l - h. Is 4 a factor of y?
False
Let c(d) = d**3 + 5*d**2 + 2*d. Let s(w) = w**3 + 8*w**2 - 4. Let x be s(-8). Is 8 a factor of c(x)?
True
Let p = 3 - -40. Is p a multiple of 7?
False
Let n(d) = d**3 + 9*d**2 - 10*d + 25. Is 12 a factor of n(-10)?
False
Suppose -s + 216 = 3*s. Does 18 divide s?
True
Let m(j) = 2*j - 7*j + 2 + 2*j - j. Let i be m(2). Let d = -1 - i. Does 3 divide d?
False
Let z be (-42)/(-4) + (-2)/4. Is (64/z)/((-6)/(-30)) a multiple of 16?
True
Suppose -2*p + 287 = 5*c, -2*c + p - 229 = -6*c. Does 39 divide c?
False
Let d(c) = c**2 + 2*c - 2. Does 11 divide d(6)?
False
Let p(x) = x**3 - 2*x**2 - 14*x + 8. Let g be p(7). Let h = g + -111. Does 11 divide h?
True
Let a be (-67)/(-3) + 8/12. Suppose 5*l + 16 = b, 2*l = 2*b + l - a. Is 11 a factor of b?
True
Let o(n) = n**3 + 7*n**2 + 2*n + 4. Let d = -3 - -7. Let t be -5 + d + -4*1. Is 17 a factor of o(t)?
False
Let s(n) = n**2 + 4*n + 6. Let r be s(-6). Let o = -8 + r. Is o a multiple of 3?
False
Let o be 1*-10*16/(-20). Suppose -4*v - 16 = 0, o = -4*x + 2*x - 3*v. Suppose -4*j = -x*j - 28. Is 9 a factor of j?
False
Let i = 2 - 1. Let z(l) = 4*l - 4*l + i + 4*l. Is z(1) even?
False
Suppose 45 = 4*t + 5*a - 150, 3*t - 126 = 3*a. Does 23 divide t?
False
Let i = -5 - -4. Is (-22 - (-1 - 2))*i a multiple of 11?
False
Suppose -3*b = 2*m - 279, 3*b = 5*m - b - 663. Let s(l) = l**2 + 3*l - 2. Let g be s(-5). Suppose 3*v - g*v = -m. Does 13 divide v?
False
Suppose -7 = -2*t + 5*d + 38, 5*d = 3*t - 60. Suppose t = 2*j - s, 17 = 5*j + 4*s - 53. Does 5 divide j?
True
Let r = -7 - -11. Suppose -3*x - f + 63 = -4, -4*x - r*f = -76. Is x a multiple of 8?
True
Suppose -2*p = -3*t + 16, 5*p - 3*t + 23 = -4*t. Is 4 a factor of 1 + -3 - (-1 + p)?
True
Suppose -3*l + 367 = 4*g, -136 - 314 = -5*g + 5*l. Suppose 3*v - 2*k + 72 = -k, 4*v - 3*k + g = 0. Let t = 38 + v. Is 11 a factor of t?
False
Let j = 26 - -18. Is j a multiple of 4?
True
Suppose 7*i = 4*i + 918. Suppose 4*v + 42 - i = -2*f, 2*v + 5*f = 116. Does 18 divide v?
False
Does 4 divide (46/115)/(2/160)?
True
Suppose 5*z - 5*v = -0*v + 120, 3*v = 0. Does 3 divide z?
True
Let h(v) = 3*v**3 - v + 1. Let a be h(1). Suppose -a*b - 15 = -0*b. Is 7 a factor of 5 + -3 + b/(-1)?
True
Is -1 + (-157)/(-1) - (3 - 2) a multiple of 31?
True
Suppose -5*d = -2*v + 5, 0*d + 6 = d + v. Let n = 2 - -1. Is 15 a factor of d + -2 + n + 28?
True
Suppose 7 = -0*c - c. Let w(y) = -42*y - 9. Let d be w(c). Is 4/(-10) - d/(-25) a multiple of 5?
False
Let t be 2 + 3 + 4 + -2. Does 10 divide (0 - 8)/((-2)/t)?
False
Let v be (-6)/(-4)*(-8)/(-6). Let s(m) = -m**3 - 4*m**2 - 6*m + 3. Let y be s(-5). Suppose v*q = q + y. Is q a multiple of 25?
False
Let v = -1 + 4. Suppose -b = v*b - 8. Suppose 0 = -7*q + b*q + 2*d + 94, -4*q = -3*d - 71. Is q a multiple of 10?
True
Let w(b) = b**2 - 2*b + 5. Let n(z) = -6*z**2 + 10*z - 26. Let t(l) = -2*n(l) - 11*w(l). Is 2 a factor of t(-4)?
False
Let o(y) be the first derivative of -y**4/4 - 2*y**3/3 + y**2 - 2*y - 3. Let j be o(-3). Suppose -j = -l + 3*i, 4*l - 3*i = -6*i + 79. Does 16 divide l?
True
Suppose 502 = 2*v - 2*b, 5*v - 5*b - 1249 = -3*b. Is 10 a factor of v?
False
Suppose 10 = 4*p - 2. Suppose 5*m - 13 = -2*h, p*h + h + 2*m - 18 = 0. Is h a multiple of 2?
True
Suppose 4*x - 87 = 21. Let s = x - 18. Is 3 a factor of s?
True
Suppose 3*f = 9*f - 318. Is 53 a factor of f?
True
Let y = 17 + -4. Let s(m) = -m**2 + y - 5*m + 6*m + 7. Is s(0) a multiple of 10?
True
Suppose 2*w - 100 = -4*l, 3*w + 7*l = 8*l + 150. Does 50 divide w?
True
Suppose u + 6 = -u. Let v(d) = -d + 6. Is 7 a factor of v(u)?
False
Suppose 6*u - 10 = u. Suppose -u*y - 3*i = -2*i - 6, 5*y + 4*i = 12. Is (-4)/(-16) - (-23)/y a multiple of 6?
True
Suppose 0*o = 5*o - 20. Suppose -o*c = 4*q - 8, -2*q - 2*q - 8 = -4*c. Suppose q = 5*p, -p + 40 = 2*k + p. Is k a multiple of 10?
True
Suppose 5*t - 51 = -o, 0*o = 4*t + 3*o - 43. Suppose 3*p + 1 = t. Does 3 divide p?
True
Let y(t) = -t. Let h be y(-4). Suppose 0*r = -2*r - 3*f + 97, h*f = 4*r - 144. Is r a multiple of 19?
False
Let t be ((-6)/(-5))/((-8)/(-180)). Suppose -4*g = -g - t. Is 6 a factor of g?
False
Let t(d) = -255*d**3 + 2*d**2 + d. Let m be t(-1). Suppose 412 = 5*v + 4*y, 3*v - m = -3*y + 5*y. Is v a multiple of 22?
False
Let o(j) = -15*j**3 + 3*j + 2. Let l be o(-1). Let v = 2 - 6. Let q = l + v. Is 5 a factor of q?
True
Suppose 42 = 3*o - f, -3*o + 4*f + 80 - 29 = 0. Is o a multiple of 10?
False
Let f(t) = -24*t - 3. Let i be f(-6). Suppose -i = -4*a - b, -8*a + 3*a = 5*b - 165. Is 18 a factor of a?
True
Let x(l) = 2*l + 4. Let t be x(-3). Let k(b) = b**3 + 4*b**2 - 4*b. Let n be k(-4). Let r = n - t. Is 9 a factor of r?
True
Let n = 26 - 13. Suppose -n*m + 9*m = -100. Does 25 divide m?
True
Let j be 15/10*8/6. Suppose -j*w = -3*w + 30. Is w a multiple of 15?
True
Suppose 0 = m - 9*m + 256. Is m a multiple of 32?
True
Is 24 a factor of (105/(-2))/((-3)/4)?
False
Let j = -364 + 527. Is j a multiple of 35?
False
Let u = 6 - 16. Is ((-4)/u)/((-4)/(-480)) a multiple of 22?
False
Is 12 a factor of 2 + -4 - (-430)/5?
True
Let p = -54 + 102. Let h = p + -24. Is 5 a factor of h?
False
Suppose 9*q + 3230 = 28*q. Is 40 a factor of q?
False
Let i(v) = -2*v**2. Let h = -7 + 8. Let l be i(h). Is 1*l*(-10)/2 a multiple of 5?
True
Let n(p) = 2 + p**2 - 3 - p + 3*p**3 + 2. Let k be n(1). Suppose r - k*q - q = 24, 3*r = 2*q + 20. Does 4 divide r?
True
Suppose u = 3*u - 3*l - 3, -5*l = -2*u + 9. Let s(g) = g**2 + 5*g + 1. Let k be s(-5). Let p = k - u. Is p even?
True
Suppose 3*p - 192 = -3*p. Is p a multiple of 4?
True
Let j(u) = -37*u**2 - 3*u - 2. Let p be j(-2). Does 21 divide ((-7)/(-4))/((-3)/p)?
True
Let w be ((-102)/5)/(4/20). Let i = -47 - w. Let u = i + -31. Is u a multiple of 12?
True
Let u be 4/(-22) + 420/132. Suppose -5*f = -3*l + 62, -u*f = -4*l + 2*f + 86. Is l a multiple of 12?
True
Let p(f) = -f**3 - 10*f**2 + 4*f - 7. Is p(-11) a multiple of 15?
False
Suppose 4*u - 187 = 3*a, 3*a - 6*a = u - 43. Suppose 3*i = -2*x + 38, -u = -6*i + i + x. Does 7 divide (52/i)/((-2)/(-10))?
False
Does 5 divide 27 + -9 - 3/1?
True
Suppose 5*p = 2*b + 4*p - 17, 4*p + 38 = 3*b. Suppose 2 - b = 2*s. Does 17 divide (6/4 + s)*-52?
False
Let s(q) = 7 - 5*q**2 - 4*q + q**3 - 3 + 5*q. Suppose 33 = 3*f + 18. Does 5 divide s(f)?
False
Suppose -2*d = 5*n - 195, n + d - 36 = -0*n. Is 16 a factor of n?
False
Let r = 7 - 5. Suppose -m = -3, f = -f + r*m - 2. Is f a multiple of 2?
True
Let f(d) = -4*d - 18. Does 10 divide f(-12)?
True
Suppose 0 = -4*l + 16, 2*y + 0*y = l + 376. Suppose 2*q - y = -0*q. Does 26 divide q?
False
Let n be (20/(-15))/((-2)/(-9)). Suppose -m + 4*m + 3*o - 3 = 0, 4*o + 1 = -3*m. Is 12 a factor of n/15 + 122/m?
True
Let v(s) be the second derivative of s**5/20 - 3*s**4/4 + 11*s**3/6 - 6*s**2 - 2*s. Does 4 divide v(8)?
True
Let i be -38*2/(8/(-6)). Is -3 + i + 0/2 a multiple of 22?
False
Does 22 divide 77/1*(-12)/(-14)?
True
Suppose 0*v + 3*q = 5*v - 74, -4*q + 56 = 3*v. Suppose -2*b + v = -16. Is 8 a factor of b?
True
Suppose 4*s + 2 = s + 4*b, 2*s = 2*b. Is 2 a factor of 0 + -3 - (-8 + s)?
False
Is -30*4*(-84)/35 a multiple of 12?
True
Suppose -y + 2*n - 6 = -4*y, -5*n - 4 = -2*y. Suppose y*q = -0*q + 20. Is q a multiple of 10?
True
Suppose 0 = 5*d + 3 + 7. Let s be (-4)/d - (-2 + 4). Suppose s = -5*j + 25. Is j a multiple of 5?
True
Let r(b) = 3*b**2 - 8*b + 10. Let s be r(4). Let j = s + 12. Is j a multiple of 12?
False
Let g(z) = -z**2 - 6*z. Let b be g(-6). Suppose b*l - 2*l = -22. Let w = l - -4. Does 6 divide w?
False
Suppose -1225 = -23*d + 18*d. Is d a multiple of 49?
True
Let j(l) = -l**2 - 18*l + 20. Is j(-18) a multiple of 3?
False
Let i(x) = x**2 + 23*x - 48. Is 20 a factor of i(-27)?
True
Suppose 0 = 3*c - 13 + 1. Suppose 0 = -3*i + 4*i - 1, -c*i = 3*m - 130. Is 21 a factor of m?
True
Let k = 34 - -83. Is 21 a factor of k?
False
Let l be ((-3)/1)/((-6)/4). Let g be 4/6*(-333)/(-6). Suppose -l*c + 2*x = -20,